/(-32))/(-27))/(1/1982).
3, 991
Let q be (-18)/(-6) - (2 - -2). Let f(v) = 624*v**2. Let t be f(q). List the prime factors of (2/(-4))/((-12)/t).
2, 13
Let u be 2 + 30*(0 + (-4)/8). Let y = 45 + u. What are the prime factors of y?
2
Let v be 36/(-2)*(-2)/3. Suppose 3 = 5*u - v. Suppose 9 = 3*i, 0 = -2*t - 3*t - u*i + 54. What are the prime factors of t?
3
Let r(y) = -14 - 7 + 16 - y**2 - 13*y - 4. What are the prime factors of r(-8)?
31
Suppose 0 = 4*u - 9*u - 10. Let h be 2*(-4 - u)/(-2). Suppose 4*o - h*k - 8 = 194, o + 2*k - 58 = 0. What are the prime factors of o?
2, 13
Let h(x) = -4*x - 3*x**2 - x**2 - 5*x**3 + 2 - 6. What are the prime factors of h(-2)?
2, 7
Suppose -3*g + 267 = -21. Let z = g + -33. What are the prime factors of z?
3, 7
Let y be (-1)/(-2)*(-6 - -16). Let k(v) = v**3 + 1 + v**2 - 3 - 5*v**2. List the prime factors of k(y).
23
Let r(v) = 131*v + 48. What are the prime factors of r(5)?
19, 37
Let t(l) = -l**3 - 6*l**2 + 9*l - 17. Let i(s) = s. Let g(q) = 6*i(q) - t(q). Let f be g(-7). Let d = f - -23. What are the prime factors of d?
2, 3
Suppose -10 = 5*a - 10*a, -4*a + 1373 = 3*u. What are the prime factors of u?
5, 7, 13
Suppose -256 = -0*o - o. Let p(b) = -b**2 - 4*b - 1. Let a be p(-3). Suppose 0*x + 128 = 2*x - 4*l, 4*x - a*l - o = 0. What are the prime factors of x?
2
Let i be -1*(-3)/18 - (-25)/30. List the prime factors of ((-3)/(-4) + (-740)/(-16))*i.
47
Suppose 2*v = -z - 0*v + 179, -10 = 2*v. Let j = z + -130. List the prime factors of j.
59
Let m = -273 + 647. What are the prime factors of m?
2, 11, 17
Suppose -5*p + 4*i + 873 = 0, 2*i + 364 = 2*p + 16. What are the prime factors of p?
3, 59
Let q be 792/(-18)*(-38)/4. Suppose -2*i = 5*o - i - 1049, -2*o - 2*i + q = 0. List the prime factors of o.
2, 3, 5, 7
Suppose -3*v - 103 - 92 = 0. Let p = v + 130. List the prime factors of p.
5, 13
Let f = -17 - -14. Let i be 8 + -2 + 0 + f. Suppose o - 232 = -i*o. List the prime factors of o.
2, 29
Let p be -29 + (10/(-2))/5. List the prime factors of ((-39)/9 - -4)*p.
2, 5
Suppose -20*w = -15*w. Suppose 4*z = -4, -5*z = 2*a + 3*a - 10. Suppose w*k = a*k - 147. List the prime factors of k.
7
Suppose 0 = -2*y - 3 + 7. Suppose 4*k + 5*b = 19, 0*k - y*k - 5*b = -17. Suppose 3*d + k = 19. List the prime factors of d.
2, 3
Let i(k) = -k**3 + 2*k**2 - 4*k + 3. Let v be i(3). Let b = -13 - v. Suppose -5*x + 1 = -z - 0*x, 2*z = 3*x + b. What are the prime factors of z?
2
Suppose 2*q + 5*z - 469 = 0, 0*q + 4*z = 4*q - 924. What are the prime factors of q?
2, 29
Suppose 11*r + 811 - 4001 = 0. List the prime factors of r.
2, 5, 29
Let h = 1645 - 1123. Suppose 2*z + 3*r = 251, -2*r + 0*r = 4*z - h. What are the prime factors of z?
7, 19
Let w = 1470 + -1029. What are the prime factors of w?
3, 7
Suppose -3825 - 4500 = -9*q. What are the prime factors of q?
5, 37
Suppose 2*j = 13*j - 9042. List the prime factors of j.
2, 3, 137
Suppose 4*o + 8 = -4. Let f = -42 + 60. List the prime factors of f/((-2)/4*o).
2, 3
Let q(d) be the first derivative of -2*d**3/3 - 5*d**2 - 6*d - 2. What are the prime factors of q(-4)?
2
Let j(y) be the third derivative of 19*y**4/12 + 7*y**3/6 - 13*y**2. What are the prime factors of j(6)?
5, 47
Suppose -9*d - 8 = -13*d. Suppose -5*j + d + 208 = 0. What are the prime factors of j?
2, 3, 7
Suppose 0 = -2*j + 4*j - 2. Suppose 4 = 2*b - 0*k + 2*k, -5*k = -10. List the prime factors of j - (2 + b - 18).
17
Let y = -7 + 11. Let q(j) = -4*j**2 - j. Let t(r) = -r + 1. Let g(s) = -q(s) + 5*t(s). List the prime factors of g(y).
53
Let c(w) = 61*w + 53. Let b be c(4). Suppose 0 = 2*p - 81 - b. List the prime factors of p.
3, 7
Let z(p) = -206*p + 9. Let q be z(-2). Let x = q - 143. What are the prime factors of x?
2, 139
Suppose -2471 = -19*j + 8853. What are the prime factors of j?
2, 149
List the prime factors of ((-56)/2)/(47/(-94)).
2, 7
Suppose -2*o + 4*g = 10, -30 = -o - 9*g + 4*g. Suppose -5*k + 3*u + 527 = -0*u, -186 = -2*k - o*u. List the prime factors of k.
103
Suppose 3*v = -v - 8. Let t be (-27)/(-9) - 2/v. Suppose -3*z - t = -19. What are the prime factors of z?
5
Suppose 4*j - 3*j - 5 = 0. Suppose -j*g = -u - g - 4, -16 = -4*g. List the prime factors of u.
2, 3
Suppose 0 = 4*m - p - 7662, m + 5*p - 1866 = 39. What are the prime factors of m?
5, 383
Let z(c) = -8*c + 18. Let j be z(-8). Suppose 8*n = 6*n + j. List the prime factors of n.
41
Let h be (0 - -1) + -3 - -2. Suppose -288 = -4*t - h*t. List the prime factors of t.
2, 3
Suppose o + 5*z = 422, -12 = -z - 2*z. Let f = -246 + o. List the prime factors of f.
2, 3, 13
Suppose 2*h - 104 = 46. What are the prime factors of h?
3, 5
Suppose 4405 = -96*j + 101*j. What are the prime factors of j?
881
Let o = 16 - 5. Let w = -2 + o. List the prime factors of 14/63 - (-340)/w.
2, 19
Suppose -2*y + r + 227 = 0, 0 = -y - 3*r + 2*r + 109. List the prime factors of y.
2, 7
Let g(t) = -t**3 - 10*t**2 - 6*t + 8. Let y be (-2*27/6)/1. Let a be g(y). Let v = a + 36. List the prime factors of v.
17
Let d(h) = -h**2 + 2*h + 45. Let q be d(0). Suppose 2*n + n = 3*y + q, 0 = -5*y - 25. What are the prime factors of n?
2, 5
Suppose -2*q + 138 = -2*y - 1018, y + 2898 = 5*q. List the prime factors of q.
2, 5, 29
Let a be (-4)/2*-1*1. Suppose -c - 665 = -4*g, -2*c = 2*g - c - 325. Suppose -3*f + g = a*f. What are the prime factors of f?
3, 11
What are the prime factors of ((1 - -6) + -1891)*(-4)/2?
2, 3, 157
Let u(m) = 176*m - 66. What are the prime factors of u(3)?
2, 3, 7, 11
Let u(s) = 83*s**2 + 25*s + 142. What are the prime factors of u(-5)?
2, 523
Suppose 5*f + 0*f + 290 = 0. Let m = 55 - 86. Let r = m - f. What are the prime factors of r?
3
Let i(r) = -14 - 3*r + 3 + 5*r. Let f be i(8). Suppose 5*g + 2*l = 106, -5*l + 3 = -f*g + 88. What are the prime factors of g?
2, 5
Suppose -4*z - 33 = 3. Let f be -3 + (z/(-3) - -9). Suppose -5 = -5*o + 3*x, 1 = 2*x - f. List the prime factors of o.
2
Suppose -2*r + 2*f + 162 = 0, 2*r = 20*f - 17*f + 157. What are the prime factors of r?
2, 43
Suppose -4*b - 3*d = 103, 4*b - 4*d - 5 + 73 = 0. Let y = -20 - b. Suppose y*t - 52 - 28 = 0. List the prime factors of t.
2, 5
Suppose -1 = 3*t - 5*r, 0 = -3*t + r - 8 + 3. Suppose 1 = -5*p + 6. What are the prime factors of -10*(t/(-4) - p)?
5
Suppose m - 3*h = -2, h = m + 5 - 7. Suppose 0 = m*z - 5*o - 467, -5*z - 595 = -10*z + 4*o. What are the prime factors of z?
3, 41
Let w = -24 + -3. Let q = w - -39. Suppose 74 = 2*m + 5*g, -g - q = -4*g. What are the prime factors of m?
3
Let m(o) = -15*o - 36. Let z be m(-9). Suppose 3*d = 4*f - f + z, -5*d = 3*f - 149. What are the prime factors of d?
31
Suppose 3*s - 24 = -s - 4*g, -s + 6 = 5*g. Suppose -5*a = -4*a - s. List the prime factors of a.
2, 3
Let n(f) = -2*f - 37. Let q be n(-20). Let x = -22 - -34. Let d = x + q. What are the prime factors of d?
3, 5
List the prime factors of ((-1)/((-6)/2440))/((-120)/(-180)).
2, 5, 61
Suppose 3*o = 3*j + 1571 - 5723, 2*j = -3*o + 2783. List the prime factors of j.
19, 73
Let t be ((-18)/36)/((-1)/16). Suppose -t*n + 185 = -3*n. Suppose -3*l = -n - 53. What are the prime factors of l?
2, 3, 5
Let b = 4 + -1. Suppose -q + b*q = 8. Suppose -3*c = -q*c + 6. What are the prime factors of c?
2, 3
Let y(b) = 29*b - 16*b - b**2 - 20*b - 7. List the prime factors of y(-3).
5
Suppose 2*k - 3*k + 142 = 0. Suppose k = 5*r + 2. List the prime factors of 692/r - (-6)/21.
5
Suppose -29*i - 8 = -25*i. List the prime factors of (36/(-45))/(i/70).
2, 7
Suppose 24*q = 21*q. Let p be 760/(-10) - (4 + q). List the prime factors of -2 - p - (-4 - -2).
2, 5
Suppose 4*f + 5*w - 11 = 3*f, 2*f + w - 49 = 0. Suppose 0 = -2*j + t + f, 5*j - 39 = 2*j - 4*t. Suppose -7 = -l + j. What are the prime factors of l?
2, 5
Suppose 5*j = 5*c + 17145, 4*j - 4677 - 9074 = -3*c. What are the prime factors of j?
2, 17, 101
Let u = -88 - -35. Let j = u + 90. What are the prime factors of j?
37
Let m = 47 - 34. Let f(j) = -j - 1. Let w be f(-4). Suppose -w*s + 4*k = -41 + m, 0 = s + k. What are the prime factors of s?
2
Suppose -9 = -3*q, 2*g + 0*g - 3*q - 167 = 0. What are the prime factors of g?
2, 11
What are the prime factors of -956*(-2)/10*15/12?
239
Let c(f) = f**3 - 6*f**2 + 7*f - 6. Let g be c(5). Let w be 7/4 - (-2)/8. Let m